ime factors of 2373?
3, 7, 113
What are the prime factors of 26924?
2, 53, 127
List the prime factors of 14284.
2, 3571
What are the prime factors of 3847?
3847
What are the prime factors of 3183?
3, 1061
What are the prime factors of 2793?
3, 7, 19
List the prime factors of 5743.
5743
List the prime factors of 1736.
2, 7, 31
List the prime factors of 2087.
2087
What are the prime factors of 5342?
2, 2671
List the prime factors of 1033.
1033
List the prime factors of 1935.
3, 5, 43
What are the prime factors of 67415?
5, 97, 139
What are the prime factors of 29316?
2, 3, 7, 349
What are the prime factors of 5628?
2, 3, 7, 67
List the prime factors of 194.
2, 97
List the prime factors of 8443.
8443
What are the prime factors of 205519?
205519
What are the prime factors of 74062?
2, 19, 1949
List the prime factors of 5997.
3, 1999
List the prime factors of 5543.
23, 241
What are the prime factors of 719?
719
What are the prime factors of 506?
2, 11, 23
What are the prime factors of 798?
2, 3, 7, 19
What are the prime factors of 1561?
7, 223
What are the prime factors of 2746?
2, 1373
List the prime factors of 101578.
2, 50789
List the prime factors of 4450.
2, 5, 89
What are the prime factors of 15133?
37, 409
What are the prime factors of 52614?
2, 3, 37, 79
List the prime factors of 6139.
7, 877
List the prime factors of 977.
977
What are the prime factors of 38817?
3, 19, 227
List the prime factors of 101260.
2, 5, 61, 83
What are the prime factors of 30118?
2, 11, 37
List the prime factors of 130954.
2, 41, 1597
List the prime factors of 28.
2, 7
List the prime factors of 13173.
3, 4391
What are the prime factors of 2492?
2, 7, 89
What are the prime factors of 7640?
2, 5, 191
List the prime factors of 36513.
3, 4057
What are the prime factors of 19421?
19421
List the prime factors of 113.
113
What are the prime factors of 1212?
2, 3, 101
List the prime factors of 573.
3, 191
What are the prime factors of 4825?
5, 193
What are the prime factors of 325?
5, 13
What are the prime factors of 4388?
2, 1097
List the prime factors of 14508.
2, 3, 13, 31
What are the prime factors of 237?
3, 79
What are the prime factors of 626?
2, 313
List the prime factors of 105998.
2, 52999
List the prime factors of 76335.
3, 5, 7, 727
List the prime factors of 9500.
2, 5, 19
What are the prime factors of 46788?
2, 3, 7, 557
List the prime factors of 2390.
2, 5, 239
What are the prime factors of 479?
479
What are the prime factors of 10213?
7, 1459
List the prime factors of 10640.
2, 5, 7, 19
What are the prime factors of 2095?
5, 419
List the prime factors of 5545.
5, 1109
What are the prime factors of 1611?
3, 179
List the prime factors of 8349.
3, 11, 23
What are the prime factors of 507?
3, 13
What are the prime factors of 86?
2, 43
What are the prime factors of 547?
547
List the prime factors of 4080.
2, 3, 5, 17
What are the prime factors of 2603?
19, 137
List the prime factors of 4823.
7, 13, 53
What are the prime factors of 4069?
13, 313
List the prime factors of 719.
719
List the prime factors of 1985.
5, 397
What are the prime factors of 57118?
2, 28559
What are the prime factors of 1376?
2, 43
List the prime factors of 3698.
2, 43
List the prime factors of 8532.
2, 3, 79
List the prime factors of 3809.
13, 293
List the prime factors of 45553.
45553
What are the prime factors of 53471?
11, 4861
List the prime factors of 539.
7, 11
What are the prime factors of 26522?
2, 89, 149
List the prime factors of 901.
17, 53
List the prime factors of 2378.
2, 29, 41
List the prime factors of 12665.
5, 17, 149
List the prime factors of 574.
2, 7, 41
List the prime factors of 6147.
3, 683
List the prime factors of 1404.
2, 3, 13
List the prime factors of 1496.
2, 11, 17
List the prime factors of 804.
2, 3, 67
List the prime factors of 87437.
7, 12491
List the prime factors of 44481.
3, 14827
What are the prime factors of 2053?
2053
List the prime factors of 32654.
2, 29, 563
What are the prime factors of 3347?
3347
List the prime factors of 2513.
7, 359
List the prime factors of 1344.
2, 3, 7
What are the prime factors of 69?
3, 23
List the prime factors of 10685.
5, 2137
List the prime factors of 4946.
2, 2473
List the prime factors of 90.
2, 3, 5
List the prime factors of 6745.
5, 19, 71
List the prime factors of 64593.
3, 7177
What are the prime factors of 10460?
2, 5, 523
List the prime factors of 48526.
2, 19, 1277
What are the prime factors of 70?
2, 5, 7
What are the prime factors of 3749?
23, 163
List the prime factors of 15881.
15881
List the prime factors of 1151.
1151
What are the prime factors of 217?
7, 31
What are the prime factors of 704?
2, 11
What are the prime factors of 19025?
5, 761
List the prime factors of 913.
11, 83
List the prime factors of 22848.
2, 3, 7, 17
List the prime factors of 15600.
2, 3, 5, 13
What are the prime factors of 3122?
2, 7, 223
What are the prime factors of 8559?
3, 317
What are the prime factors of 2487?
3, 829
List the prime factors of 237.
3, 79
What are the prime factors of 3723?
3, 17, 73
What are the prime factors of 1269?
3, 47
List the prime factors of 11372.
2, 2843
List the prime factors of 28133.
7, 4019
What are the prime factors of 16879?
16879
What are the prime factors of 761?
761
List the prime factors of 1240.
2, 5, 31
List the prime factors of 271.
271
List the prime factors of 84225.
3, 5, 1123
List the prime factors of 1224.
2, 3, 17
List the prime factors of 1195.
5, 239
What are the prime factors of 15915?
3, 5, 1061
What are the prime factors of 70007?
7, 73, 137
What are the prime factors of 117442?
2, 13, 4517
What are the prime factors of 15876?
2, 3, 7
List the prime factors of 10309.
13, 61
What are the prime factors of 33426?
2, 3, 619
What are the prime factors of 1199?
11, 109
List the prime factors of 17721.
3, 11, 179
What are the prime factors of 1779?
3, 593
List the prime factors of 2478.
2, 3, 7, 59
List the prime factors of 722.
2, 19
List the prime factors of 15461.
15461
What are the prime factors of 115975?
5, 4639
What are the prime factors of 29453?
29453
What are the prime factors of 21379?
21379
List the prime factors of 85.
5, 17
What are the prime factors of 5918?
2, 11, 269
What are the prime factors of 39835?
5, 31, 257
List the prime factors of 2870.
2, 5, 7, 41
What are the prime factors of 5485?
5, 1097
What are the prime factors of 18483?
3, 61, 101
What are the prime factors of 1242?
2, 3, 23
What are the prime factors of 61712?
2, 7, 19, 29
List the prime factors of 93874.
2, 11, 17, 251
What are the prime factors of 32668?
2, 8167
What are the prime factors of 25282?
2, 12641
What are the prime factors of 43073?
19, 2267
What are the prime factors of 4843?
29, 167
List the prime factors of 1223.
1223
List the prime factors of 502.
2, 251
List the prime factors of 8936.
2, 1117
List the prime factors of 5960.
2, 5, 149
List the prime factors of 1405.
5, 281
List the prime factors of 4004.
2, 7, 11, 13
List the prime factors of 2123.
11, 193
List the prime factors of 3680.
2, 5, 23
List the prime factors of 17597.
17597
What are the prime factors of 379?
379
List the prime factors of 7280.
2, 5, 7, 13
List the prime factors of 117805.
5, 23561
What are the prime factors of 2789?
2789
What are the prime factors of 25748?
2, 41, 157
List the prime factors of 6302.
2, 23, 137
List the prime factors of 40.
2, 5
What are the prime factors of 740?
2, 5, 37
List the prime factors of 3238.
2, 1619
List the prime factors of 13363.
7, 23, 83
List the prime factors of 11237.
17, 661
List the prime factors of 3121.
3121
List the prime factors of 1297.
1297
What are the prime factors of 53744?
2, 3359
What are the prime factors of 2981?
11, 271
List the prime factors of 7657.
13, 19, 31
List the prime factors of 852.
2, 3, 71
What are the prime factors of 3306?
2, 3, 19, 29
What are the prime factors of 8901?
3, 23, 43
What are the prime factors of 8969?
8969
List the prime factors of 16390.
2, 5, 11, 149
What are the prime factors of 26916?
2, 3, 2243
List the prime factors of 2058.
2, 3, 7
List the prime factors of 46041.
3, 103, 149
What are the prime factors of 27761?
17, 23, 71
What are the prime factors of 18029?
11, 149
List the prime factors of 14858.
2, 17, 19, 23
L